{"id":743,"date":"2022-12-07T23:04:18","date_gmt":"2022-12-08T04:04:18","guid":{"rendered":"https:\/\/www.geneticalatam.org\/?page_id=743"},"modified":"2024-04-29T12:29:29","modified_gmt":"2024-04-29T17:29:29","slug":"informacion-para-autores","status":"publish","type":"page","link":"https:\/\/www.geneticalatam.org\/index.php\/es\/informacion-para-autores\/","title":{"rendered":"Redacci\u00f3n del manuscrito: para autores"},"content":{"rendered":"\n<p>La Revista Gen\u00e9tica y Gen\u00f3mica Cl\u00ednica Latinoam\u00e9rica es una revist\u00e1 acad\u00e9mica, de revisi\u00f3n por pares.  Se aceptan los siguientes tipos de trabajo:<\/p>\n\n\n\n<p><strong>Tipo de manuscritos<\/strong><\/p>\n\n\n\n<ol class=\"wp-block-list\">\n<li><strong>Art\u00edculos originales<\/strong>: estos tipos de trabajo deben contener recolecci\u00f3n de datos y an\u00e1lisis est\u00e1distico para poder ser considerados.  De utilizar participantes humanos, los autores deben haber cumplido con los requisitos internacionales \u00e9ticos, haber solicitado consentimiento informado.<\/li>\n\n\n\n<li><strong>Revisi\u00f3n de tema<\/strong>: Esta tipo de documentos debe cumplir con la extensi\u00f3n solicitada, en temas de inter\u00e9s actual. <\/li>\n\n\n\n<li><strong>Casos cl\u00ednicos<\/strong>: Estos trabajos son reportes individuales de casos cl\u00ednicos, hasta 5 casos m\u00e1ximo por manuscrito. Tambi\u00e9n debe presentar consentimiento informado, y autorizaci\u00f3n para utilizar fotograf\u00eda de los pacientes.<\/li>\n\n\n\n<li><strong>Protocolos<\/strong>: Manuscritos describiendo nuevos protocoles cl\u00ednicos o t\u00e9cnicos.<\/li>\n\n\n\n<li><strong>Actas de conferencias<\/strong>: Un acta de conferencia es el registro publicado de una conferencia, congreso, simposio u otra reuni\u00f3n patrocinada por una sociedad o asociaci\u00f3n, que suele incluir, aunque no necesariamente, res\u00famenes o informes de las ponencias presentadas por los participantes. Cuando se incluye el texto \u00edntegro de las ponencias presentadas, el resultado se denomina transacciones.&nbsp;<\/li>\n\n\n\n<li><strong>Reporte t\u00e9cnico<\/strong>: En el reporte t\u00e9cnico, los autores presentar\u00e1n las inovaciones de procedimientos cl\u00ednicos o t\u00e9cnicos y sus hallazgos para ser reproducidos por la comunidad.<\/li>\n\n\n\n<li>Otros: Revisiones sistem\u00e1ticas, Cartas al Editor, Opinion, Ilustraciones e im\u00e1genes, Editorial.<\/li>\n<\/ol>\n\n\n\n<p><strong>Costo<\/strong><\/p>\n\n\n\n<p>Los art\u00edculos se publican bajo una Licencia de Acceso Abierto que tiene un costo de $450.00. La licencia CC-BY 4.0 brinda al autor la opci\u00f3n de distribuir libremente el PDF y cumplir con los est\u00e1ndares internacionales de intercambio de datos. El pago se solicita una vez que el manuscrito es aceptado para publicaci\u00f3n. La forma de pago puede ser mediante Paypal o transferencia bancaria a la cuenta indicada mediante correo electr\u00f3nico.<\/p>\n\n\n\n<p>Para grupos o individuos que no est\u00e1n financiados por ninguna instituci\u00f3n, la tarifa puede eximirse si son residentes o estudiantes m\u00e9dicos. Agregue a su carta de presentaci\u00f3n una declaraci\u00f3n que indique que su trabajo no fue financiado y solicita una excepci\u00f3n.<\/p>\n\n\n\n<p><strong>Licencia<\/strong><\/p>\n\n\n\n<p>Todos los art\u00edculos no solicitados que hayan realizado el pago del monto de publicaci\u00f3n ser\u00e1n publicados con Licencia de Libre Distribuci\u00f3n y reproducci\u00f3n.<\/p>\n\n\n\n<p><strong>Aspectos \u00e9ticos<\/strong><\/p>\n\n\n\n<p>Todos art\u00edculo en donde individuos hayan participado deber\u00e1 cumplir con las normas internacionales de \u00e9tica dependiendo del tipo de manuscrito.  <strong>Un requisitos indispensable es el concentimiento informado. <\/strong>Entre estos requisitos tenemos: 1) Implementaci\u00f3n de buenas pr\u00e1cticas cl\u00ednicas, 2) Solicitud de consentimiento informado, 3) Declaraci\u00f3n de potenciales conflictos de inter\u00e9s, 4) Declaraci\u00f3n de fuentes de financiamiento. <\/p>\n\n\n\n<p><strong>Autor\u00eda<\/strong><\/p>\n\n\n\n<p>Se seguir\u00e1n las normas del International Committee of Medical Journal Editors (ICMJE) para la determinaci\u00f3n de autor\u00eda. Se deber\u00e1 proveer una lista de las contribuciones de cada autor.<\/p>\n\n\n\n<p><strong>Detalles t\u00e9cnicos del manuscrito<\/strong><\/p>\n\n\n\n<p><strong>T\u00edtulo<\/strong>: 250 caracteres m\u00e1ximo. No especificar fechas, ni a\u00f1o de no ser completamente indispensable. Enviar tanto en espa\u00f1ol como ingl\u00e9s.<\/p>\n\n\n\n<p><strong>Palabras claves<\/strong>: de 3 a 5 palabras claves, en min\u00fasculas de no ser nombres propios, separadas por coma, tanto en ingl\u00e9s como espa\u00f1ol.<\/p>\n\n\n\n<p><strong>Autores<\/strong>: Listar los autores iniciando con el Nombre y luego el Apellido. Separar cada autor con punto. En nombres compuestos (2 apellidos o 2 nombres), marcar el apellido en negrita para aclaraci\u00f3n. Colocar los n\u00fameros de afiliaciones en super\u00edndice sin espacio, despu\u00e9s del apellido para cada autor. Evitar utilizar iniciales. Los numerales deben ir colocados en el orden de aparici\u00f3n. Adjuntar lista adicional el el correo electr\u00f3nico de cada autor.<\/p>\n\n\n\n<p><strong>Afiliaciones<\/strong>: usar el formato siguiente: departamente, secci\u00f3n, unidad,instituci\u00f3n, ciudad, pa\u00eds. Las afiliaciones deben ser listadas en el orden de aparici\u00f3n. Ej. Comenzando con las afiliaciones del primer autore, y luego los siguientes.<\/p>\n\n\n\n<p><strong>Autor corresponsal<\/strong>: Agregar Nombre completo, afiliaci\u00f3n, correo electr\u00f3nico, direcci\u00f3n f\u00edsica del autor corresponsal.  Se permitir\u00e1 hasta 2 autores corresponsales en casos excepcionales.<\/p>\n\n\n\n<p><strong>Resumen<\/strong>: N\u00famero m\u00e1ximo de palabras ser\u00e1 de 300 palabras. Env\u00edar tanto la versi\u00f3n en espa\u00f1ol como la de ingl\u00e9s. El resumen debe ser estructurado, utilizando las palabras Introducci\u00f3n, metodolog\u00eda, resultados, discusi\u00f3n, conclusi\u00f3n.<\/p>\n\n\n\n<p><strong>Estructura<\/strong><\/p>\n\n\n\n<p>[<strong>Trabajos originales<\/strong>]<\/p>\n\n\n\n<p>Para trabajos originales, se utiliza el formato mencionado anteriormente: Introducci\u00f3n, Metodolog\u00eda, Resultados, Discusi\u00f3n, Conclusi\u00f3n y Referencias.<\/p>\n\n\n\n<p><strong>[Casos cl\u00ednicos]<\/strong><\/p>\n\n\n\n<p>Para trabajos de Casos cl\u00ednicos sugerimos la siguiente estructura: Presentaci\u00f3n de caso, Diagn\u00f3stico, Tratamiento, Seguimiento, Discusi\u00f3n, Conclusi\u00f3n.<\/p>\n\n\n\n<p><strong>[Im\u00e1genes cl\u00ednicas]<\/strong><\/p>\n\n\n\n<p>Los manuscritos de im\u00e1genes cl\u00ednicas deben tener la im\u00e1gen junto a una breve revisi\u00f3n de la patolog\u00eda observada.  La imagen debe estar descrita completamente.  El documento debe tener siempre referencias de art\u00edculos relacionados encontrados en la literatura.<\/p>\n\n\n\n<p><strong>[Art\u00edculos de revisi\u00f3n]<\/strong><\/p>\n\n\n\n<p>Este tipo de trabajo debe ser lo suficientemente extenso para no ignorar las evidencias en la literatura, pero al mismo tiempo limitado y enfocado a un tema en particular que permita dar detalles con 4,000 a 5,000 palabras. <\/p>\n\n\n\n<p><strong>Im\u00e1genes<\/strong><\/p>\n\n\n\n<p>Las im\u00e1genes deben ser enviadas en formato JPG o PNG de resoluci\u00f3n aceptable para visualizaci\u00f3n web. Por lo general deben ser por arriba de 300dpi.  Im\u00e1genes que no cumplan estos criterios deber\u00e1n ser enviadas nuevamente. Costos adicionales podr\u00e1n ser incluidos de requierir correcciones. Cada im\u00e1gen debe poseer un t\u00edtulo corto (sin incluir fechas), colocado antes de la imagen.  Los pies de notas y fuente debe estar colocada abajo de la imagen.  Las im\u00e1genes deben ser de dos posibles tama\u00f1os: 3.2 pulgadas de ancho o 6.5 pulgadas de ancho. El texto dentro de las im\u00e1genes deben ser legibles al tama\u00f1o especificado. Favor colocar las im\u00e1genes en un archivo word diferente al cuerpo del manuscrito. Utilizar \u00abFigura\u00bb para identificar cada figura en el t\u00edtulo.  No abreviar. Las tablas deben ser enumeradas en el \u00f3rden de menci\u00f3n del texto.<\/p>\n\n\n\n<p><strong>Tablas<\/strong><\/p>\n\n\n\n<p>Las tablas deben ser presentadas en formato Word o Excel. <strong>Las celdas no deben contener espacio en blanco para alinear texto<\/strong> (se debe utilizar las opciones de centreado o margenes, o m\u00faltiples columanas). El texto debe ser Arial 9pt para las tablas, y debe ser legible al tama\u00f1o seleccionado (ya sea 3.2 o 6.5 pulgadas) &#8211; una o dos columnas. El t\u00edtulo de cada tabla debe ser corto. Las tablas deben ser enumeradas en el \u00f3rden de menci\u00f3n del texto. Favor colocar las tablas en un documento aparte al texto principal.<\/p>\n\n\n\n<p><strong>Cifras<\/strong><\/p>\n\n\n\n<p>Para los n\u00famero, utilizar las comas como separadores de miles, y el punto, como separador de decimales, de esta forma: 12,4500.00 Al colocar porcentajes o unidades, debe haber un espacio entre el n\u00famero y la unidad (ej. 14.5 %). El signo de moneda en cantidades monetarias va antes del n\u00famero. Mantener el mismo n\u00famero de cifras significativas a trav\u00e9s del manuscrito de ser posible.<\/p>\n\n\n\n<p><strong>Citaciones y puntuaciones<\/strong><\/p>\n\n\n\n<p>Los p\u00e1rrafos y lineas deben tener sus citaciones num\u00e9ricas no utilizan superscript, y se colocan en formato normal.  En caso de terminaci\u00f3n de una l\u00ednea con punto o punto y coma, colocar el numeral antes del punto, rodeado con corchetes de esta forma: <strong>La incidencia de diabetes mellitus ha aumentado dram\u00e1ticamente [2]<\/strong>. <\/p>\n\n\n\n<p>En caso que que la  cita deba colocarse en una frase separada por coma, la citaci\u00f3n va despu\u00e9s de la coma de esta forma: <strong>La incidencia de diabetes mellitus ha aumentado dram\u00e1ticamente [2], sin embargo, la prevalencia<\/strong>&#8230;<\/p>\n\n\n\n<p>Las puntuaciones al final de una l\u00ednea con parentesis, el punto o la coma debe ir por fuera del parentesis (de esta forma).  Reservar el uso de corchetes <strong>\u00ab[1,2-4]\u00bb<\/strong> para las citaciones en el cuerpo del documento.<\/p>\n\n\n\n<p><strong>Referencias<\/strong><\/p>\n\n\n\n<p>Las referencias deben estar estrictamente formadas utilizando la nomenclatura <strong>Vancouver<\/strong>.  Recomendamos el uso de programas administradores de referecias como Zotero.<\/p>\n\n\n\n<p>Ejemplo:<\/p>\n\n\n\n<ol class=\"wp-block-list\">\n<li>O&#8217;Campo P, Dunn JR, editors. Rethinking social epidemiology: towards a science of change. Dordrecht: Springer; 2012. 348 p. <\/li>\n\n\n\n<li>Schiraldi GR. Post-traumatic stress disorder sourcebook: a guide to healing, recovery, and growth [Internet]. New York: McGraw-Hill; 2000 [cited 2019 Nov 6]. 446 p. Available from: http:\/\/books.mcgraw-hill.com\/getbook.php?isbn=0071393722&amp;template=#toc doi: 10.1036\/0737302658<\/li>\n<\/ol>\n\n\n\n<p><strong>Contribuciones<\/strong><\/p>\n\n\n\n<p>Las contribuciones se colocan enlistando las siglas de los nombres y la contribuci\u00f3n. Ejemplo para Carlos Rodr\u00edguez, y Hector Perez<\/p>\n\n\n\n<p>CR, HP: conceptualizaci\u00f3n, dise\u00f1o, ejecuci\u00f3n, an\u00e1lisis, redacci\u00f3n.<\/p>\n\n\n\n<p><strong>Reconocimientos<\/strong><\/p>\n\n\n\n<p>Podr\u00e1 enviar el reconocimiento para cualquier persona que contribuy\u00f3, mas no cumple con el criterio de autor\u00eda.<\/p>\n\n\n\n<p><\/p>\n","protected":false},"excerpt":{"rendered":"<p>La Revista Gen\u00e9tica y Gen\u00f3mica Cl\u00ednica Latinoam\u00e9rica es una revist\u00e1 acad\u00e9mica, de revisi\u00f3n por pares. Se aceptan los siguientes tipos de trabajo: Tipo de manuscritos Costo Los art\u00edculos se publican&hellip; <\/p>\n","protected":false},"author":1,"featured_media":0,"parent":0,"menu_order":0,"comment_status":"closed","ping_status":"closed","template":"","meta":{"footnotes":""},"folder":[],"class_list":["post-743","page","type-page","status-publish","hentry"],"_links":{"self":[{"href":"https:\/\/www.geneticalatam.org\/index.php\/wp-json\/wp\/v2\/pages\/743","targetHints":{"allow":["GET"]}}],"collection":[{"href":"https:\/\/www.geneticalatam.org\/index.php\/wp-json\/wp\/v2\/pages"}],"about":[{"href":"https:\/\/www.geneticalatam.org\/index.php\/wp-json\/wp\/v2\/types\/page"}],"author":[{"embeddable":true,"href":"https:\/\/www.geneticalatam.org\/index.php\/wp-json\/wp\/v2\/users\/1"}],"replies":[{"embeddable":true,"href":"https:\/\/www.geneticalatam.org\/index.php\/wp-json\/wp\/v2\/comments?post=743"}],"version-history":[{"count":27,"href":"https:\/\/www.geneticalatam.org\/index.php\/wp-json\/wp\/v2\/pages\/743\/revisions"}],"predecessor-version":[{"id":1803,"href":"https:\/\/www.geneticalatam.org\/index.php\/wp-json\/wp\/v2\/pages\/743\/revisions\/1803"}],"wp:attachment":[{"href":"https:\/\/www.geneticalatam.org\/index.php\/wp-json\/wp\/v2\/media?parent=743"}],"wp:term":[{"taxonomy":"folder","embeddable":true,"href":"https:\/\/www.geneticalatam.org\/index.php\/wp-json\/wp\/v2\/folder?post=743"}],"curies":[{"name":"wp","href":"https:\/\/api.w.org\/{rel}","templated":true}]}}