{"id":739,"date":"2022-12-07T23:01:27","date_gmt":"2022-12-08T04:01:27","guid":{"rendered":"https:\/\/www.geneticalatam.org\/?page_id=739"},"modified":"2026-01-18T14:39:28","modified_gmt":"2026-01-18T19:39:28","slug":"comite-editorial-genetica-latinoamericana","status":"publish","type":"page","link":"https:\/\/www.geneticalatam.org\/index.php\/es\/comite-editorial-genetica-latinoamericana\/","title":{"rendered":"Comit\u00e9 Editorial &#8211; Gen\u00e9tica y Gen\u00f3mica Cl\u00ednica Latinoamericana"},"content":{"rendered":"\n<p><strong>\u00d3rgano de Gobierno<br><\/strong>La <em>Revista de Gen\u00e9tica y Gen\u00f3mica Cl\u00ednica<\/em> est\u00e1 guiada por un distinguido Consejo Editorial compuesto por profesionales l\u00edderes en sus \u00e1reas. Sus nombres completos y afiliaciones est\u00e1n igualmente p\u00fablicamente disponibles en el sitio web de la revista, en la secci\u00f3n \u201cEquipo Editorial\u201d, lo que demuestra transparencia y gobernanza acad\u00e9mica. Los miembros actuales incluyen:<\/p>\n\n\n\n<p><strong>Dr. Jorge D. M\u00e9ndez, MD, MS, PhD<br><\/strong>Editor-in-Chief, Prenatal Diagnosis by CGH, Laboratory of Molecular Diagnostics, CHUL, Canada<\/p>\n\n\n\n<p><strong>Dr. Lorena Salazar Garc\u00eda, PhD<br><\/strong>Associate Editor &#8211; WGS Sequencing, Panels and pPCR Consultant, Spain<\/p>\n\n\n\n<p><strong>Dr. Bary Bigay, MD<br><\/strong>Precision Oncology and Molecular Genetics, Universidad Central del Este, Dominican Republic<\/p>\n\n\n\n<p><strong>Dr. Enrique D. Austin, MD<br><\/strong>Cancer and Tumoral Genetic Diseases, Clinical Researcher, INDICASAT, Panama<\/p>\n\n\n\n<p><strong>Dr. Lina Johanna Moreno Giraldo, MD<br><\/strong>Pediatrics, Epigenetics and Network Interactions, Libre Cali University, Colombia<\/p>\n\n\n\n<p><strong>Dra. Katlin de la Rosa Poueriet, MD<br><\/strong>Pediatrics, Molecular Diagnostics by NGS, ChromoMED Institute, Dominican Republic<\/p>\n\n\n\n<p><strong>Dra. Bibiana Mello de Oliveira &#8211;<\/strong> Inborn Errors of Metabolism and Rare Disease Infrastructure &amp; Genomic Data Governance &#8211; Universidade Federal de Ci\u00eancias da Sa\u00fade de Porto Alegre (UFCSPA), Porto Alegre, Brazil<\/p>\n\n\n\n<p><strong>ASSOCIATE BOARD MEMBERS<\/strong><\/p>\n\n\n\n<p><strong>Dr. Tania Herrera Rodr\u00edguez, MD<\/strong>&nbsp;\u2013 Maternal-Fetal Medicine, Hospital Punta Pac\u00edfica \u00c1rea Materno Fetal, Panama<\/p>\n\n\n\n<p><strong>Dra. Indira Herrera, MD<\/strong>&nbsp;\u2013 Pediatrics, Genetics and Genomic Service, Children\u2019s Hospital, Panama<\/p>\n\n\n\n<p><strong>Dr. Luis Leonardo Flores-Lagunes, MD<\/strong>&nbsp;\u2013 Molecular Diagnosis by NGS, Genomic Medicine Institute, Mexico City, Mexico<\/p>\n\n\n\n<p><strong>Dr. Luis Gustavo Celis, MD<\/strong>&nbsp;\u2013 Mutations, Malformations, and Chronic Degenerative Disorders, La Sabana University, Colombia<\/p>\n\n\n\n<p><strong>Dr. Karen Courville, MD&nbsp;<\/strong>\u2013 Nephrology, Dr. Gustavo N. Collado Hospital, Panama<\/p>\n\n\n\n<p><strong>Dr. Bibiana Mello de Oliveira &#8211;<\/strong> Inborn Errors of Metabolism and Rare Disease Infrastructure &amp; Genomic Data Governance &#8211; Universidade Federal de Ci\u00eancias da Sa\u00fade de Porto Alegre (UFCSPA), Porto Alegre, Brazil<br><\/p>\n\n\n\n<p><strong>REVIEWERS<\/strong><\/p>\n\n\n\n<p><strong>Dr. Johan Serrano, MD<\/strong>&nbsp;\u2013 Internal Medicine, Panama<\/p>\n\n\n\n<p><strong>Dr. Alexander Ballesteros, MD<\/strong> \u2013 Nephrology, Panama<\/p>\n\n\n\n<p><strong>Dra. Carolina Rivera Nieto<\/strong>&nbsp;\u2013 Clinical Genetics, Colombia<\/p>\n\n\n\n<p><strong>Dr. Ricardo Fern\u00e1ndez-Ramires&nbsp;<\/strong>\u2013 Genetic Counseling, Hereditary Cancer, Chile<\/p>\n\n\n\n<p><strong>Dr. Horacio Lucero<\/strong>&nbsp;\u2013 Regional Medicine Institute, UNNE, Argentina<\/p>\n\n\n\n<p><strong>Dra. Celia Cant\u00f3n, MD\u00a0\u2013 <\/strong>Clinical Genetics, Dysautonomia, and Muscular Dystrophies, Panama<\/p>\n\n\n\n<p><strong>Dr. Stanley Wu, MD&nbsp;<\/strong>\u2013 Oncology-related specialization, National Oncology Institute, Panama<\/p>\n\n\n\n<p><strong>Dr. Mois\u00e9s Cukier, MD&nbsp;<\/strong>\u2013 Oncologic Surgery, Panama<\/p>\n\n\n\n<p><strong>Dr. Ignacio V\u00e9liz, MD&nbsp;<\/strong>\u2013 Oncology, Personalized Oncologic Treatment, Panama<\/p>\n\n\n\n<p><strong>Dr. Pilar Rivera Ortega<\/strong>,&nbsp;<strong>MD &#8211; <\/strong>Oncological Pneumology<\/p>\n\n\n\n<p><strong>Dr. Mois\u00e9s Cukier, MD &#8211; <\/strong>Oncologic Surgery &#8211; Panama<\/p>\n","protected":false},"excerpt":{"rendered":"<p>\u00d3rgano de GobiernoLa Revista de Gen\u00e9tica y Gen\u00f3mica Cl\u00ednica est\u00e1 guiada por un distinguido Consejo Editorial compuesto por profesionales l\u00edderes en sus \u00e1reas. Sus nombres completos y afiliaciones est\u00e1n igualmente&hellip; <\/p>\n","protected":false},"author":1,"featured_media":0,"parent":0,"menu_order":0,"comment_status":"closed","ping_status":"closed","template":"","meta":{"footnotes":""},"folder":[],"class_list":["post-739","page","type-page","status-publish","hentry"],"_links":{"self":[{"href":"https:\/\/www.geneticalatam.org\/index.php\/wp-json\/wp\/v2\/pages\/739","targetHints":{"allow":["GET"]}}],"collection":[{"href":"https:\/\/www.geneticalatam.org\/index.php\/wp-json\/wp\/v2\/pages"}],"about":[{"href":"https:\/\/www.geneticalatam.org\/index.php\/wp-json\/wp\/v2\/types\/page"}],"author":[{"embeddable":true,"href":"https:\/\/www.geneticalatam.org\/index.php\/wp-json\/wp\/v2\/users\/1"}],"replies":[{"embeddable":true,"href":"https:\/\/www.geneticalatam.org\/index.php\/wp-json\/wp\/v2\/comments?post=739"}],"version-history":[{"count":28,"href":"https:\/\/www.geneticalatam.org\/index.php\/wp-json\/wp\/v2\/pages\/739\/revisions"}],"predecessor-version":[{"id":2350,"href":"https:\/\/www.geneticalatam.org\/index.php\/wp-json\/wp\/v2\/pages\/739\/revisions\/2350"}],"wp:attachment":[{"href":"https:\/\/www.geneticalatam.org\/index.php\/wp-json\/wp\/v2\/media?parent=739"}],"wp:term":[{"taxonomy":"folder","embeddable":true,"href":"https:\/\/www.geneticalatam.org\/index.php\/wp-json\/wp\/v2\/folder?post=739"}],"curies":[{"name":"wp","href":"https:\/\/api.w.org\/{rel}","templated":true}]}}