{"id":2040,"date":"2025-04-15T22:53:17","date_gmt":"2025-04-16T03:53:17","guid":{"rendered":"https:\/\/www.geneticalatam.org\/?page_id=2040"},"modified":"2025-04-15T23:03:33","modified_gmt":"2025-04-16T04:03:33","slug":"datos-de-genes-y-enfermedades","status":"publish","type":"page","link":"https:\/\/www.geneticalatam.org\/index.php\/es\/datos-de-genes-y-enfermedades\/","title":{"rendered":"Datos de genes y Enfermedades"},"content":{"rendered":"\n<p>En esta secci\u00f3n usted podr\u00e1 contribuir con sus art\u00edculos de genes y enfermedades. La informaci\u00f3n ser\u00e1 revisada y depurada y colocada gratuitamente para el acceso p\u00fablico. Puede enviar su texto y ser\u00e1 revisado. Le llegar\u00e1 un correo electr\u00f3nico avisando que esta disponible al finalizar la revisi\u00f3n y edici\u00f3n.<\/p>\n\n\n<form action=\"https:\/\/www.geneticalatam.org\/index.php\/wp-json\/ws-form\/v1\/submit\" class=\"wsf-form wsf-form-canvas\" id=\"ws-form-1\" data-id=\"3\"  data-instance-id=\"1\"  method=\"POST\" data-wsf-style-id=\"1\"><\/form>\n","protected":false},"excerpt":{"rendered":"<p>En esta secci\u00f3n usted podr\u00e1 contribuir con sus art\u00edculos de genes y enfermedades. La informaci\u00f3n ser\u00e1 revisada y depurada y colocada gratuitamente para el acceso p\u00fablico. Puede enviar su texto&hellip; <\/p>\n","protected":false},"author":1,"featured_media":0,"parent":0,"menu_order":0,"comment_status":"closed","ping_status":"closed","template":"","meta":{"footnotes":""},"folder":[],"class_list":["post-2040","page","type-page","status-publish","hentry"],"_links":{"self":[{"href":"https:\/\/www.geneticalatam.org\/index.php\/wp-json\/wp\/v2\/pages\/2040","targetHints":{"allow":["GET"]}}],"collection":[{"href":"https:\/\/www.geneticalatam.org\/index.php\/wp-json\/wp\/v2\/pages"}],"about":[{"href":"https:\/\/www.geneticalatam.org\/index.php\/wp-json\/wp\/v2\/types\/page"}],"author":[{"embeddable":true,"href":"https:\/\/www.geneticalatam.org\/index.php\/wp-json\/wp\/v2\/users\/1"}],"replies":[{"embeddable":true,"href":"https:\/\/www.geneticalatam.org\/index.php\/wp-json\/wp\/v2\/comments?post=2040"}],"version-history":[{"count":2,"href":"https:\/\/www.geneticalatam.org\/index.php\/wp-json\/wp\/v2\/pages\/2040\/revisions"}],"predecessor-version":[{"id":2045,"href":"https:\/\/www.geneticalatam.org\/index.php\/wp-json\/wp\/v2\/pages\/2040\/revisions\/2045"}],"wp:attachment":[{"href":"https:\/\/www.geneticalatam.org\/index.php\/wp-json\/wp\/v2\/media?parent=2040"}],"wp:term":[{"taxonomy":"folder","embeddable":true,"href":"https:\/\/www.geneticalatam.org\/index.php\/wp-json\/wp\/v2\/folder?post=2040"}],"curies":[{"name":"wp","href":"https:\/\/api.w.org\/{rel}","templated":true}]}}